uate 5 - (-15 + 9 + -10 - (-6 - (-10 + 18))).
7
Calculate 6 + 18 + 4 + -25 + 37.
40
45 - ((-8 - (-11 + -11) - 25) + 26)
30
Evaluate -20 + 11 - (-5 - -8 - 1 - (-5 - -5)).
-11
What is the value of (-31 - -8) + (-43 - -60) + -7 + -1?
-14
What is -28 + (17 - ((8 - 38) + 22))?
-3
11 + -17 + (-17 - (-10 + -124)) + 4
115
Calculate 71 + (18 - 34 - 10) + -19 + 3.
29
Evaluate (0 - -31 - 27 - (-4 - -2 - -12)) + 50.
44
What is (-100 - (-100 - -42)) + (-2 - -108)?
64
4 - -1 - (-1 + (-24 - 0) - (-92 - -74))
12
What is the value of -8 - ((-9 - 2) + (-10 - (1 + 104 - -13)))?
131
What is the value of -33 + -1 + -196 + -41 + 288?
17
Calculate (-17 + 7 - 15) + -76 + 8 - (1 + -11).
-83
Calculate -86 + (75 - 38) - -23.
-26
Calculate 191 + -42 + -35 - 255.
-141
(-123 - -40 - ((4 - -2) + 7)) + -13
-109
Calculate -8485 + 8475 + (9 - 1) + 0.
-2
Calculate (4 + -6 - 0) + 3 - (67 - 63).
-3
Calculate 62 + (-8 + 0 + -92 + 103 - (12 - -1)).
52
Evaluate 2 - (-171 + 86 + 60).
27
-10 + -14 + (5 + 1 + -2 - 5)
-25
Calculate (62 - 0) + 15 + -56.
21
What is (-126 - -21) + 187 + -20 + 3?
65
-50 - (-19 + 38 + -27)
-42
Evaluate (7 - 1 - 2 - -2) + 14 + -24.
-4
Calculate -1 + -1 + (22 + -10 - 34).
-24
Evaluate 7 - (0 + 5 + 16) - (307 - 294).
-27
Evaluate -67 + -101 + 160 + (2 + -8 - (-2 - -1)).
-13
What is 1 - (-1 + 4 + (-9 + 24 - (6 - 14)))?
-25
Calculate (44 - (25 - 2)) + 26 - (7 + 3).
37
Calculate 15 + -27 - (-9 + -2 + -12).
11
What is the value of 6 - (11 + -19 + 7 + 1) - 0?
6
Calculate 69 + (0 - (27 - -6 - 0)).
36
What is -88 - (93 - 73 - 90)?
-18
Calculate 63 - (44 + -31 + (-13 - 0) - -10).
53
38 - (-54 + -7 + 89)
10
Evaluate 1121 - 1117 - (12 + (4 - (1 - (-5 - -3)))).
-9
What is the value of (-80 - -41) + 14 - -49?
24
What is the value of (-1086 - -1075) + ((37 - -4) + -1 - -1) + 1?
31
Calculate (22004 - 21900) + (-5 - (-3 - -1)).
101
(2 - (-2 - -5)) + (27 - 33) + 36
29
Calculate 34 - (29 + 1 + (348 - 353)).
9
2 + -1 + 2 + (-28 - 44) + 9
-60
Calculate (11 + -22 - -28 - 1) + -24.
-8
Evaluate (-4 - -32 - -12) + 3 + (8 - (-2 - -9)).
44
What is -43 - (9 - (13 + 19 - 50))?
-70
What is (115 - 150) + -5 + 1 + 123?
84
Evaluate -2 + (8 - 5) + (-8 - (-23 + -36)).
52
Evaluate (6 - 3 - 2 - (126 + -70)) + 5.
-50
What is the value of -104 - (9 + -35 + 31 - 31)?
-78
(14 - (-14 - -11)) + -3 - 40 - 7
-33
8 + (-3819 - -3911 - (19 + -2 + 1))
82
Calculate -672 - -667 - (6 + -9) - (1 + -112 + -1).
110
Evaluate -9 + (8 - (14 - 13)) + 93 + (1 - 11).
81
5 - 1 - ((-33 - -72) + -12)
-23
Evaluate -28 - (5 + -26) - (-26 - 1).
20
What is -18 - ((4 - -52) + -66)?
-8
What is 17 - (95 + 2) - -109?
29
-12 + -22 + 15 + -25 + 70
26
What is -6 + -2 - (-2918 + 2990)?
-80
(57 - -48 - (-1 - -7)) + 15 - 22
92
What is 42 + -36 + 11 + -18?
-1
What is -6 + (15 - (5 - -2) - -44) - 0?
46
(-29 + (-16 - -58) - 21) + (-46 - -1) + -2
-55
Evaluate (10 - 7 - 8) + (-8 - (66 + 27)).
-106
74 + 3 + (1736 - 1841)
-28
What is the value of (-8 - (35 + 6)) + -7 - (-8 + 4)?
-52
Calculate (17 - (3 - 13) - 8) + (-74 - 30).
-85
Calculate -7 + (-12 + 29 - 12) + -48.
-50
Evaluate -3 + 13 - (-21 - (-12 - (-14 + 5) - -4)).
32
Calculate 1581 + -1583 - (7 + 0) - 45.
-54
-34 + -23 + 104 + 14 + 17
78
Calculate (1 - 114 - (-98 - -104)) + (14 - -3).
-102
Evaluate (31 - (9 + 1 + 3 + -2)) + -70.
-50
What is the value of (-51 + 8 - 60) + (-2 - -32)?
-73
110 - (74 - (86 - 12))
110
What is 3 - (-7 + -4 - (29 + -45))?
-2
What is the value of 8 + (34 - 2) + 28 + -43 + -1?
24
Evaluate -9 - (-48 + 70 + -17).
-14
(21 - -1) + (-75 - (-48 - -7))
-12
43 - (29 + -65 + 35)
44
What is 6 + -38 + 104 - 59?
13
Calculate (12 - ((4 - -7) + -1)) + 13 - (-3 - -21).
-3
Calculate -37 + 223 - 38 - (0 + 1 + 16).
131
What is 3 - (660 + -707 + 16 + 0)?
34
Calculate 11 + (1 - (6 + 66 + 2) - (-15 - -18)).
-65
1 + (-4 - -11) - (-60 - -78)
-10
Evaluate 27 + (15 - (8 + -2 + -13)) - 4.
45
Calculate (7 + -14 - 22) + -8.
-37
Evaluate (72 - ((-9 - -11) + (15 - (-14 + 22)))) + -3.
60
Calculate 0 + 28 + 19 + 8 + 12 + -28.
39
What is (0 + -21 - (24 - (-14 - (-50 - -11)))) + -9?
-29
(-3 - (5 + 5 + -17)) + -24 - 4
-24
-6 - ((-7 + 12 - (-2 + -35)) + (-58 - -47))
-37
Calculate 15 + 0 + -11 + -461 + 450.
-7
Evaluate (-1 - 30) + (72 - (20 - -42)).
-21
What is the value of 26 - (59 + 10 + -34)?
-9
1 + 6 + -3 - (-18 + 36 - 34 - -69)
-49
(15 - -72 - 7) + -134
-54
Calculate 128 + -38 - 28 - 15.
47
36 - (16 - (-9 + 31))
42
What is the value of -2 + (25 - (1 + 20)) - (-6 + -46)?
54
What is 67 - (-19 - (-29 - 30))?
27
What is 29 + 1 + -29 + -95 + 93?
-1
What is -22 - (6 - -6 - (49 - 37))?
-22
67 + (34 - (35 - -29))
37
Evaluate -13 + (-60 - (-44 + 15)).
-44
(13 + 3 + -9 - 64 - -11) + 10
-36
7 + -41 + 9 + 46
21
Calculate -7 + 16 + -23 + 17 + 22.
25
What is the value of -13 + 10 + (-33 - -48) - 103?
-91
Evaluate 23 + (-14 - (2 - 38)) + -14 + 1.
32
Evaluate -82 + (14 - -49) + 54.
35
What is the value of -37 + -61 - 10 - -69?
-39
Evaluate -22 + 25 - (-1 + 106) - (17 + -5 + -10).
-104
What is 148 - (53 + 21 + -43 - 9)?
126
What is 21 + -18 + (-9 - (1 - 0)) - (-4670 + 4596)?
67
What is the value of 52 + -61 - (-43 + (-5 - -6) + -7)?
40
-1435 + 1395 - (-100 - 2)
62
What is -29 - (-9 - (2 - 13)) - -72?
41
What is the value of -18 + -2 + (-17 - -34) + -3?
-6
20 + 2 + 1550 + -1596
-24
Calculate (29 + 15 - -9) + -42.
11
Calculate 17 + (1 - 2 - (5 - 5)) + 11.
27
What is -26 + -110 + 114 + 5?
-17
Evaluate (0 - -1) + -28 - (-3 - (-2 + -5)) - -1.
-30
What is the value of (-38 - -4 - (-86 + 53)) + -21 + 2 + -3?
-23
What is 2 + -2 + 0 + -44 - (-45 + (81 - 44))?
-36
Evaluate (220 + -169 - ((-3 - -2) + 0 + 10)) + 1.
43
What is 21 + (-41 - (76 - 71))?
-25
Evaluate 12 + -16 - 13 - -7 - -35.
25
What is the value of (1 - 2) + -4 + (-50 - (54 - (36 + -24)))?
-97
What is (-36 - (-17 + 2)) + (-15 - 24)?
-60
What is the value of 65 + (-74 - -87) - 39?
39
Evaluate (21 + -12 - (-2 - -2)) + -15 - -44.
38
What is 78 + (-26 - 4 - (-19 + 14))?
53
28 - (70 + (-54 - -41))
-29
Calculate 2 - (15 + (1 - (-4 + -1))).
-19
Calculate -16 - (-2 - (12 - (9 + 11))).
-22
What is (70 - 35) + -9 + 1 + (30 - 22)?
35
-10 + (-10 + -4 + 19 - (-5 - -36))
-36
Evaluate (-70 - 66) + (167 - -97).
128
Calculate 107 + -184 + (116 - 117).
-78
What is the value of (-14 - (45 - 13)) + (6 - -4 - 11)?
-47
What is the value of 32 - 12 - (-24 + 50 - 24)?
18
Evaluate -4 - -3 - 10 - (42 + -35 + (0 - 49)).
31
(-2 - 4) + (-10 - (14 - 18)) - 21
-33
Evaluate (341 - 310) + 83 + 6.
120
Evaluate -5 + (4 - (4 + 3)) + 43 + -20 + 44.
59
Evaluate 26 - (2 - 2) - -2 - (517 - 533).
44
Calculate 10 + 5 - (-12 - (-4 - 9) - 87).
101
5 - ((7 - 6) + -4) - -6 - (338 + -405)
81
Evaluate (-3 - -1 - 7) + -2 + -15 + (50 - -1).
25
Calculate -16 + -5 + -4 + (-26 - -14) + 13.
-24
What is the value of -7 + 22 + 8 + 35 + -4 + 4?
58
What is (178 - (105 + -30)) + -69?
34
(-10 - (-77 - -60)) + -2 + 27
32
-33 + 89 - (7 - ((1 - 3) + -1))
46
Evaluate (29 + 2 - 23) + (1 - -1) + 6.
16
What is the value of 10 - (-33 - -18 - -25) - (46 - 1)?
-45
-16 + 3 - ((-29 - 21) + 17)
20
Calculate 7 - ((0 - (-1 - -4)) + 25 - (1662 - 1667)).
-20
Evaluate 71 + -176 - -17 - -53.
-35
What is 52 + 1 + (-21 - (-18 + 8) - (31 + -44))?
55
Calculate -32 + -7 + (44 - 33 - 9).
-37
Evaluate 59 + 1 - (49 + 52 + (-64 - 51)).
74
What is the value of -107 + 109 + -51 + -44?
-93
What is (30 - -126 - 237) + 107?
26
What is -35 - ((18 + 13 - 75) + 12)?
-3
What is the value of (-4 - -3) + (-41 - -62) + -52?
-32
Calculate -21 - ((18 - 60 - -21) + 8).
-8
Calculate -2464 + 2425 + (-107 - 0) + 1.
-145
Evaluate (8 - -1) + -2 + -42 + 42 + -4 + 10.
13
What is the value of -62 + -48 + 9 + 42?
-59
What is the value of (-91 - -242) + -26 + -106?
19
((2 + 6 - 15) + -13 - -100) + 18
98
What is the value of 56 + -9 + -63 + 24 + 1?
9
What is the value of (-6 - -8) + 117 + 2 + (-56 + 8 - -39)?
112
What is (6 - (-19 - -2)) + -10 - -22?
35
Evaluate (-4 - 73) + (8 - -10) + 23 + -5.
-41
(-8 - (8 - 14)) + (41 - 29)
10
Evaluate -14 - 2 - (8 + 18 - 34 - 33).
25
What is 2 + -31 - -30 - (-12 - (-2 - -7))?
18
Evaluate 66 - (41 - (-105 - -137)).
57
Evaluate 10 - 23 - (-24 - -41).
-30
What is 6 + 11 - 19 - (8 + -18 - (-5 + -65))?
-62
What is the value of -14 + 10 + -7 - (-4 - 5) - 56?
-58
(-10 - 0) + (-287 - (-515 + 252))
-34
Calculate 1 + 53 + (-90 - -32).
-4
E